t the prime factors of 5*(-7)/7 + 1107 + -6.
2, 137
Let a be 4*2 - (-3 - -7). Suppose y - 9 = -2*o, 5*y + a*o - 20 = 7. Suppose 0 = -4*k + y*r + 147, -r + 167 = 4*k + 24. List the prime factors of k.
2, 3
Let r(c) be the first derivative of 5*c**3/3 + 5*c**2 + 6*c - 28. List the prime factors of r(-8).
2, 3, 41
Let a = 3653 - -409. What are the prime factors of a?
2, 3, 677
Let c(o) = 6*o**2 - 4*o - 1. Let p(s) = -13*s**2 + 9*s + 1. Let x(t) = 7*c(t) + 3*p(t). Suppose n + 4 = 2. List the prime factors of x(n).
2, 5
Let f = 3710 + -332. What are the prime factors of f?
2, 3, 563
List the prime factors of ((-512)/40)/(10/(-2300)).
2, 23
Suppose 0 = -q - 4*j + 22, -2*q + 12 = 3*j - 7. Suppose -f = -3*r + 2*f + 276, -362 = -4*r + q*f. List the prime factors of r.
89
Suppose -2*a - 5*a + 28 = 0. Let w(y) = y**3 - 3*y**2 - 4*y + 1. Let n be w(a). Suppose 2*j = -3*u + 53, -19 = -5*j + n. List the prime factors of u.
3, 5
Let h(d) = 36*d + 2. Let n be h(2). Let c = -48 + n. Let j = c + -5. What are the prime factors of j?
3, 7
Suppose 0 = 2*t + 2*k - 520, -5*t + t = k - 1049. What are the prime factors of t?
263
Let a(f) = f**2 - 11*f + 470. List the prime factors of a(0).
2, 5, 47
Let p = -2054 - -3246. What are the prime factors of p?
2, 149
Let s(b) = 3*b + 0*b + 3*b - 7*b + 7*b**2. Let v be s(-1). Let i = 16 - v. What are the prime factors of i?
2
Suppose -3*s + 4*a + 234 + 113 = 0, -2*s = -a - 238. List the prime factors of s.
11
Suppose -h = h + 216. Let r = -65 - h. Let g = -22 + r. List the prime factors of g.
3, 7
Suppose -2*g - 5 + 1 = -4*w, -3*w - 4 = -5*g. Let c be 6*((-162)/(-4) - g). Suppose 0 = 6*z - z - k - c, 0 = -z + 2*k + 39. What are the prime factors of z?
47
Let u(j) = -63*j - 12. Suppose 10 = 13*w - 18*w. What are the prime factors of u(w)?
2, 3, 19
Let m be 4/(-8) - (-57)/(-6). Let l be ((-5)/m)/(2/4). Suppose 2*u - 37 = -l. What are the prime factors of u?
2, 3
What are the prime factors of (-15*190/(-200))/((-2)/(-104))?
3, 13, 19
Suppose 4 - 7 = -c. Suppose 367 = c*u + 61. What are the prime factors of u?
2, 3, 17
Let v = -63 - -81. List the prime factors of 1323/6 + (-9)/v.
2, 5, 11
What are the prime factors of 18/(-4)*4720/(-30)?
2, 3, 59
Let n(v) = 5*v**2. Let s be n(-1). Suppose 4*x + s*a = 3, 0*x = 3*x + 3*a - 3. Let h = x + 14. List the prime factors of h.
2
Let m be 52/6 - 7/(-21). Suppose 6*w - m*w + 189 = 0. What are the prime factors of w?
3, 7
Let c(r) be the first derivative of r**4/4 + 2*r**3 - 5*r**2/2 + 4*r + 5. Suppose 5*i = 2*y - 21, -5*y + y = 5*i + 33. What are the prime factors of c(i)?
2, 3
Let x be -2 + 0 + (-17)/1. Let n = x + 60. What are the prime factors of n?
41
Let j(f) = f**2 - 10*f - 16. What are the prime factors of j(-8)?
2
Let k = 361 - -80. List the prime factors of k.
3, 7
Let b(k) = k + 10. Let n be b(9). Let w = -15 + n. Suppose -5*p = -2*c - 80, -19 = -p - w*c - 3. List the prime factors of p.
2
Let y = 10 - -6. Let a be (621/(-36))/((-6)/y). Let v = a - 25. List the prime factors of v.
3, 7
Suppose 33*j + 14 = 40*j. Suppose 2*k - 4 = g, -3*k + 0*g + 12 = -3*g. Suppose k = j*v - 7*v + 165. What are the prime factors of v?
3, 11
Let h(z) = -z**2 - 11*z - 9. Let k(i) = i - 5. Let o be k(-4). What are the prime factors of h(o)?
3
Let j(h) = 2*h**2 + 6*h - 6. Let d be j(7). Let x = d + -84. List the prime factors of x.
2, 5
Suppose -3*u - 5*g - 14 = 0, -4*u - g - 12 = 4*g. Let n be -3 - (-28 + 0) - u. Let a = n + -14. List the prime factors of a.
3
Let s = 2608 - 843. What are the prime factors of s?
5, 353
Let k(z) = 9 + 5*z + 9*z + 24 - 13*z. List the prime factors of k(-10).
23
List the prime factors of 2 + (-1 - -10)*236.
2, 1063
Suppose -v = -4*u + 28, 2*u - v - 4*v = -4. Let k(b) = -b**2 + 8*b + 11. Let z be k(u). Suppose -2*i - j + 20 = -z, -15 = 5*j. What are the prime factors of i?
17
Suppose 2*t + 966 = 3*m, 3*m + 0*t - 969 = t. Let h = m - 221. List the prime factors of h.
103
Let f = -472 + 854. List the prime factors of f.
2, 191
Let l = -58 + 63. Suppose -l*d = 6*t - 7*t - 595, -595 = -5*d + 5*t. What are the prime factors of d?
7, 17
Let m = 27 + -22. Suppose u - 7 = 2*v + 34, m*v = 4*u - 179. What are the prime factors of u?
3, 17
What are the prime factors of (-7)/((-70)/13425) + (-8)/16?
2, 11, 61
Let w(l) = 29*l**3 + l**2 + 2*l. List the prime factors of w(3).
2, 3, 7, 19
Let g(i) = i**3 + 14*i + 21*i**2 - 4 - 22*i**2 + 12*i**2. List the prime factors of g(-9).
2
Suppose t + 4*c = 832 + 449, 3*t = c + 3908. What are the prime factors of t?
1301
Let w(r) = r**2 + 12*r - 13. Let f(n) = -2*n**2 + 7*n + 1. Let j be f(5). Let k be w(j). Let z(i) = i**2 - 14*i - 10. List the prime factors of z(k).
5
Suppose 3*s + 330 = -2*s. Let v = 80 + s. What are the prime factors of v?
2, 7
Let y(k) = -k**3 + 7*k**2 - 3*k - 12. Let i be y(7). Let r = i + 98. List the prime factors of r.
5, 13
Suppose 2*h - 1027 = -2*k - h, -k - 5*h + 503 = 0. List the prime factors of k.
2, 7, 37
Let q = 7 - -1. Let v(y) = -y**2 + 8*y - 5. Let o be v(q). Let n = 13 - o. List the prime factors of n.
2, 3
Let u = -36 - -42. What are the prime factors of 11/(55/10) - -17*u?
2, 13
Let r be ((-6)/(-5))/((-33)/(-110)). Suppose r*j = -3 + 27. Suppose 2*l = j*l - 12. List the prime factors of l.
3
Let b(n) = 725*n + 605. List the prime factors of b(5).
2, 3, 5, 47
Suppose -30 = 9*z - 7*z. Let d = 9 + z. Let k(c) = c**3 + 6*c**2 - 2*c + 7. What are the prime factors of k(d)?
19
Suppose 7*m = 5*m + 180. Suppose 95*q - 295 = m*q. What are the prime factors of q?
59
Let f(n) = n**3 + 22*n**2 - 5*n + 21. What are the prime factors of f(-22)?
131
Let h = 231 + -162. Suppose 5*w - 3 = 5*m - 38, w = 4*m - 19. Suppose -m*g + h = -g. List the prime factors of g.
23
List the prime factors of ((-1)/4)/(13/(-115076)).
2213
Let d = -2281 + 3934. List the prime factors of d.
3, 19, 29
Suppose 51 = 2*x - 3*l, 5*l + 7 = -8. Suppose -g + x - 8 = 0. List the prime factors of g.
13
Let w = 73 - 76. List the prime factors of (-2)/6 - 67/w.
2, 11
Let k(y) = 6*y + 6. Suppose -3*x + 4*x = 0. What are the prime factors of k(x)?
2, 3
Let r = 6 - -13. Suppose -m = -4*w + r, 4*w = 4*m - m + 25. List the prime factors of w/(-18) - (-299)/9.
3, 11
Let f = 67 + -137. Let a = 85 - -17. Let n = a + f. List the prime factors of n.
2
Let m = 16 + 108. Let o = m + -43. Suppose -20 = -5*y, -3*n + 31 + o = y. What are the prime factors of n?
2, 3
Let c(v) be the second derivative of v**5/20 - 5*v**4/6 + v**3/6 + 7*v**2/2 - 55*v - 3. Let l be (-3)/(18/(-4))*15. What are the prime factors of c(l)?
17
Let x be (8 + 0 - 5)*-2. Let z be (4/(-5))/((-2)/5). What are the prime factors of 9/(x/z)*-8?
2, 3
Let p be -1 - -18 - -1 - 2. Suppose -p - 8 = -b. List the prime factors of b.
2, 3
Let g = 2 - -3. Suppose 5*j - 38 = 3*a, -109 = g*a - a + 5*j. Let q = 30 + a. What are the prime factors of q?
3
Let v(o) = o**3 + 4*o**2 - 4*o - 2. Let f(q) = -q**2 + 1. Let r(j) = 5*f(j) + v(j). Let s be r(2). Let m(n) = 19*n**2 + n. What are the prime factors of m(s)?
2, 3
Let s(d) = -d**2 + 7*d - 10. Let v be s(3). Suppose 571 - 31 = v*b. List the prime factors of b.
2, 3, 5
Suppose 0*o + o = -11. Let v = o - -19. Suppose 0 = 3*a - v*a - 25, f - 3*a = 30. List the prime factors of f.
3, 5
Suppose 3*j - 120 = 2*l, -4*l - 3*j = -0*l + 204. Let k = 17 - l. List the prime factors of k.
71
Let l(p) = -p. Let t(s) = s**3 - 8*s**2 + 7*s + 6. Let h(z) = -4*l(z) - t(z). List the prime factors of h(5).
2, 3
Suppose -3*c - 6750 = -30*c. List the prime factors of c.
2, 5
List the prime factors of (-37575)/(-10) - (9/6 - -1).
5, 751
Suppose 26 = -20*k + 22*k. Let i = 15 - k. Suppose 156 = 4*v + 6*m - i*m, -45 = -v + 2*m. List the prime factors of v.
41
Suppose -27*y = -20*y - 490. What are the prime factors of y?
2, 5, 7
Suppose -856 = -g - 3*g. Suppose 170 = o - g. Suppose 5*f - o = -4*u - 92, f = 4*u - 268. What are the prime factors of u?
2, 17
Let c be ((-1)/(-3))/(-7*6/(-4032)). Let q(s) = 5*s**3 + s**2 + s. Let v be q(-1). List the prime factors of (v - -4) + (c - -1).
2
Let n(v) = -v**2 - 6*v + 2. Let l be n(-6). Suppose l*a + 46 = 4*a. Let h = a - 16. What are the prime factors of h?
7
Let u be (8/28 - (-13)/28)*4. Suppose -u*v - o + 180 = -0*v, 3*o - 235 = -4*v. List the pr